((-1)/(-1) - 10)/(6/4). Let l(o) = -4*o**3 - 3*o**2 - o + 3. Let k(h) = h**3 - h**2 - 1. Suppose -t = 2 - 1. Let w(p) = t*l(p) - 3*k(p). What is w(y)?
-6
Let h(j) be the first derivative of -j + 1/4*j**4 - 8/3*j**3 + 9/2*j**2 - 18. Give h(6).
-19
Let q be (-59)/177 + 3*(-2)/(-9). Let s(g) be the second derivative of -1/3*g**3 - 1/20*g**5 + g**2 - q*g**4 - 3*g + 0. Calculate s(-3).
-1
Suppose -t = -0*t + 1, 0 = -4*d - t - 29. Let n(s) = -s**2 - 6*s + 9. Let o be n(d). Let g(c) = 2*c**2 - o + 0 - c**2 + 4*c - 3. Calculate g(-5).
0
Let z = 341 + -330. Let x(f) = -f**3 + 10*f**2 + 7*f + 15. What is x(z)?
-29
Let q(x) = -2*x + 15. Let v be ((-5928)/(-16))/39 - 5/2. What is q(v)?
1
Suppose -o = -1 - 1. Suppose 0 = -0*m + 3*m - h - 14, 4*h = -o*m + 28. Let j(q) be the first derivative of -q**2/2 + 10*q - 22. What is j(m)?
4
Let x(o) = o**2 + 3*o + 3. Suppose -16*g - 199 = -87. Calculate x(g).
31
Let g(m) be the third derivative of 0*m + m**3 - 1/4*m**4 + 0 - 3/40*m**5 - 1/360*m**6 - 3*m**2. Let x(r) be the first derivative of g(r). What is x(-6)?
12
Let l(r) = -r**3 + 10*r**2 + 13*r - 12. Let s be l(11). Suppose s = 2*v - 10. Let z = 17 - v. Let y(n) = -n**2 + 6*n. What is y(z)?
-7
Let w(n) = n**2 + 6*n - 6 + 6*n**2 + n**3 + 0*n**3. Let y = -792 + 786. Give w(y).
-6
Let g = -300 - -305. Let n(l) be the second derivative of 1/12*l**4 - 1/6*l**3 - 1/20*l**5 + g*l**2 - 5*l + 0. Give n(0).
10
Let r(h) = h**3 - 3*h**2 + h - 1. Suppose -4*j = -3*c + 4 - 11, 3*j = c + 9. Let o be r(c). Let b(d) = 57 - 34 + 15*d - 8*d - 24 - 9*d. Determine b(o).
-5
Let k(t) = -21*t**3 + t**2 - 7*t - 1. Let d(l) = -41*l**3 + 3*l**2 - 17*l - 2. Let p(i) = -2*d(i) + 5*k(i). Calculate p(-1).
22
Let h(z) = -9*z**2 - 4*z - 3. Let k = 26 - 20. Let a(l) = -8*l**2 - 4*l - 3. Let q(r) = k*a(r) - 5*h(r). What is q(-2)?
-7
Let m(b) = b**2 + 2*b - 2. Let h(p) = 5*p**2 + 11*p - 23. Let o(v) = -h(v) + 6*m(v). Let i = 3 - 3. Suppose -4*r = -i*r. Give o(r).
11
Suppose 4*z - 29 = 4*h - 5, 0 = 4*h + 5*z + 24. Let r(t) = -4*t**2 - 20*t + 18. What is r(h)?
-6
Let i(d) = 3*d**2 + 8*d - 7. Let h(k) = -k**2 - 3*k + 1. Let t(j) = -2*h(j) - i(j). What is t(0)?
5
Let w(h) be the first derivative of 1/2*h**2 + 0*h**3 - 9 + 16*h + 1/4*h**4. Calculate w(0).
16
Let x(b) = -2*b. Let l(h) = 3*h - 1. Let u(f) = 3*l(f) + 4*x(f). What is u(2)?
-1
Let z = 725 - 715. Let u(q) = q**3 - 12*q**2 + 18*q + 18. Determine u(z).
-2
Let t be 12 + -13 - 2*-2. Suppose 4*c - a + 23 = 0, -5*c + t*a - 13 - 14 = 0. Let i(u) = -u. Give i(c).
6
Let y(i) = i**2 + 5*i + 7. Let g be y(-4). Suppose f = 2, 10*a + 4*f - g = 5*a. Let m(o) = 7*o**2. Give m(a).
7
Let o be 0/(1/(-1) - 0). Let n = 61 - 57. Let g(h) = -h**3 - 5*h**2 - 3. Let t(m) = -m**3 - 6*m**2 - 3. Let u(s) = n*t(s) - 5*g(s). What is u(o)?
3
Let h be 22/(-55) + (33/5)/(-1). Let m(b) = -b**2 - 4*b + 10. Determine m(h).
-11
Let h(a) = 8*a - 8. Let b(c) = c**2 - 3*c + 1. Let q(g) = b(g) + h(g). Calculate q(-7).
7
Let x(q) = q**2 + 5*q + 6. Let r = -29 - -37. Suppose 2*u = -2*g - 12 - r, 3*u = -g - 20. Determine x(u).
6
Let s(b) = b**2 - 10*b + 1. Suppose h - 4*d - 9 = -2, d = h - 10. Determine s(h).
12
Let p(i) = -21*i**2 + 5*i + 4. Let a(q) = -17*q**2 + 6*q + 3. Let v(h) = 5*a(h) - 4*p(h). What is v(4)?
23
Let x(q) = 5 + q + q**2 - 105*q**3 + 206*q**3 - 100*q**3 - 7*q - 1. What is x(-3)?
4
Let c(y) = -y**3 + 5*y**2 - 4. Let s(n) = n**2 - 13*n + 5. Let m be s(13). Determine c(m).
-4
Let x(w) = -4 - w + 2*w + 4*w - w. Let k(p) = -p**3 + 52*p**2 - 146*p - 43. Let t be k(49). Determine x(t).
20
Suppose -2*z = -4*z + 4. Let f(n) = -n**z - n - 3*n + n - 3. Suppose 3*u + 1 = -5*p, -2*u + p - 4*p = 1. Give f(u).
-1
Let z(q) = -q**3 - 9*q**2 - 7*q + 1. Let n = 235 - 243. Give z(n).
-7
Let c(t) be the third derivative of 0*t - 5/6*t**3 - 19*t**2 + 0 + 1/24*t**4. What is c(-4)?
-9
Let f be 0/((-4)/(4 + 0)). Let k(z) = 6*z - 2*z**2 + f*z + 2*z**2 + z**2 + 5. What is k(-4)?
-3
Let o be (-2 + 0)/(-2) + 3. Let p(g) = -2*g**2. Let q(w) = -3*w**2 + w - 1. Let f(s) = o*p(s) - 3*q(s). Determine f(3).
3
Let v(y) be the first derivative of y**5/20 - y**4/2 + y**3 - y**2/2 + y - 2. Let x(f) be the first derivative of v(f). Suppose 13 + 12 = 5*o. What is x(o)?
4
Let h(f) = f**2 + 6*f + 5. Let x be 5 + -4 + 0 + -2. Let c be x + -2 + (2 - 1)*-3. Determine h(c).
5
Let x = 626 + -622. Let h(w) = -2*w**3 + 9*w**2 - 4*w + 2. Give h(x).
2
Let w be (12/(-12))/(1/(-3)). Let y(c) = -c**3 + 3*c - w + 5*c**2 - 5*c - c + 0. What is y(4)?
1
Let l(k) = 2 - 4*k + 3*k + 4. Let b = -111 - -114. Suppose -b = -z - 8. Calculate l(z).
11
Let m(x) = -21*x - 3. Let q(t) = -42*t + 799. Let d be q(19). What is m(d)?
-24
Let l = 97 + -85. Suppose 3*t + 4*u = l + 11, 0 = t + u - 6. Let x(s) = 8*s**2. Determine x(t).
8
Let a be 0/(-1)*(-2)/(-4). Let l(h) = 6*h - 9. Let k(m) = m - 2. Let v be -11 + 0*(-5)/20. Let b(x) = v*k(x) + 2*l(x). Determine b(a).
4
Let p(t) = -t**2 + 6*t - 4. Let l be p(4). Let n(h) = 4*h - 11. What is n(l)?
5
Let v be (-6)/(-5)*(62 - 57). Let s(x) = -x**2 + 10*x - 3. Calculate s(v).
21
Let b(c) = -2*c + 7. Let h = -104 + 150. Suppose 24 = h*n - 43*n. Calculate b(n).
-9
Suppose 5*x + 1 = -l - 0, 5*l + 5 = -3*x. Let p(h) = 4*h. Give p(l).
-4
Let b(s) = 2*s + 22*s**2 - 35*s**2 - 2 + 15*s**2 + 1. Let x(u) = u**3 - 4*u**2 + 4*u. Let f be x(3). Suppose -r + f = 2*r. Calculate b(r).
3
Let i(b) = 30*b**2 + 12*b + 4 + 4 + 3 - 29*b**2 - 3. Give i(-9).
-19
Let g be -1*17 - ((1 - 5) + 3). Let p(w) = 0*w - 7 + 2 - 9*w. Let l(f) = -28*f - 16. Let t(c) = g*p(c) + 5*l(c). What is t(2)?
8
Let i(j) be the second derivative of 15*j + 0 - j**2 + 1/6*j**3. Calculate i(7).
5
Let l(f) be the third derivative of f**5/30 + 5*f**4/24 + f**3/2 - f**2 - 42*f. What is l(-3)?
6
Let v be (-42)/(4/(48/(-9))). Suppose 4*q - q - v = o, 5*q = -o + 104. Let y = q + -20. Let c(n) = n**3 + n**2 - n - 2. Calculate c(y).
-2
Let n(b) = 4*b**2 - 14*b**3 + 9 - 14*b**3 - 12*b**3 + 53*b**3 - 14*b**3 + 3*b. What is n(5)?
-1
Suppose -75*p = 74 + 1. Let j(y) = -y. Let i(l) = 8*l. Suppose 0*d = -3*d + 12. Let r(x) = d*j(x) + i(x). Determine r(p).
-4
Let j(b) = b + 2. Let c be j(-6). Let o(a) = -14 - 5*a**2 + 12 + 7*a**3 + 0 - 8*a**3 + 2*a**2. What is o(c)?
14
Let z = -11 - -8. Let i(h) = -16*h**2 + 3*h. Let b(s) = -3*s**2 + s. Let c(a) = 5*b(a) - i(a). Calculate c(z).
3
Let a be 7/1 - (10 - 13). Suppose a*k = 6*k. Let i(w) = -5*w + 61. Let c(h) = -h + 15. Let d(p) = 9*c(p) - 2*i(p). Determine d(k).
13
Let a(y) be the second derivative of -y**5/5 + y**3/6 + y**2/2 - y. Let f(q) = -111*q - 223. Let j be f(-2). Determine a(j).
4
Let j(p) = p + 3. Let g = 2 - 0. Suppose 6*m = g*m + 8. Let q be 1 - ((-16)/m)/4. Calculate j(q).
6
Let x(d) = -d + 5. Let b(w) = -w**3 + w**2 + w + 2. Let o be b(0). Suppose 2*z + 3*i = -2*z + 1, -o*z - 5*i = 17. Calculate x(z).
1
Let i(w) = -22*w**3 + 4*w**2 + 4*w - 5. Let o(a) = -11*a**3 + 2*a**2 + 2*a - 2. Let s(q) = 3*i(q) - 7*o(q). Calculate s(-1).
-12
Suppose 632*j - 6 = 630*j. Let a(p) = p**3 - 4*p**2 + 3*p - 4. Determine a(j).
-4
Let d = 11 + -9. Let z(f) be the second derivative of -f**7/2520 + f**6/720 - f**5/60 - f**4/12 - 4*f. Let y(c) be the third derivative of z(c). Give y(d).
-4
Let u(a) be the first derivative of -a**4/4 + 2*a**3/3 + 3*a**2/2 + 2*a - 12. Let z be u(-1). Let o(v) = -3*v**2 + 9*v**z - 4*v**2 + 8*v**2. What is o(-1)?
10
Let o(j) = -j**2 + 3*j + 4. Let g(m) = -5*m + 6. Let x be g(2). Let k be (-3 - -1) + 13 - 2. Let c be k/6*x/(-2). What is o(c)?
4
Let d be 39 + -48 + 4/(-3 + -1). Let g(w) = -2*w**2 - 20*w - 5. What is g(d)?
-5
Let j(g) = 17*g**2 + 6*g**3 - 9*g**2 - 7*g**2 - 16*g**3 - 2*g**2. What is j(1)?
-11
Suppose 2*i = -3*w - 2, 5*w + 2*i + 6 = 4. Let z(y) = -3*y - 198 + w*y - 4*y + 195. What is z(-3)?
18
Let r(y) = -y. Suppose 5*v = -2*v - 14. Let w(z) = 2*z - 1. Let a(u) = v*r(u) + w(u). Calculate a(-1).
-5
Suppose -4*s = -3*m - 10, -2*m = 4*s - 26 + 6. Suppose r = -y + m, y + 0*y - 2 = -3*r. Let k(h) = -2*h**3 + h**2 + 2*h - 3. Determine k(y).
-11
Let h be (-20)/(-6) + (-8)/(-12). Let y(r) be the third derivative of r**5/60 - r**4/6 + 5*r**3/6 + 11*r**2. Give y(h).
5
Let t(m) = -m**3 + 8*m**2 - 6. Suppose -5*w = -35*w + 240. What is t(w)?
-6
Let z(i) be the second derivative of -1/6*i*